when l is divided by 33?
32
Let y = -22360 - -22397. What is the remainder when 258 is divided by y?
36
Suppose 2*i - 4 = 0, 0 = 4*w - 5*i + i - 12. What is the remainder when 153 is divided by (-2)/((5/w)/(-7))?
13
Suppose 15 = 23*y - 20*y. Suppose 616 = y*g - 329. Suppose -5*c + 504 = g. Calculate the remainder when c is divided by 11.
8
Suppose w + 3*r - 72 = -42, 2*r = 14. Let x = -70 - -266. What is the remainder when x is divided by w?
7
Let r = 692 + -368. Calculate the remainder when r is divided by 1*((-171)/(-2) - 4) + 4/8.
78
Let o(x) = -x**2 - 6*x - 3. Let z be o(-4). Let a be -1 + (-7)/(-5) - (40 - 3116/10). Suppose z*c = -3*c + a. What is the remainder when c is divided by 12?
10
Suppose -96 = -4*p - 4*h, h + 96 = 2*p + 57. What is the remainder when 964 is divided by p?
19
Suppose -5*y = 2*r - 213 - 649, 710 = 4*y + 5*r. Calculate the remainder when y is divided by 39.
14
Suppose -70*g + 4206 = -1277 - 3967. What is the remainder when g is divided by 30?
15
Suppose -70 = -2*x - 8*x. Suppose x*f + 6*f - 156 = 0. Calculate the remainder when 93 is divided by f.
9
What is the remainder when 119 is divided by 1260/75*2/(24/30)?
35
Let n(u) = u**3 - 10*u**2 + 95*u - 1119. Calculate the remainder when 223 is divided by n(11).
35
Suppose -h - h - 3*v + 507 = 0, -h - 5*v = -243. Suppose 4*p + 406 = 18*p. What is the remainder when h is divided by p?
26
Let m(d) = -4*d - 1 + 5*d - 2*d. Suppose 53*x + 30*x + 32*x = 920. What is the remainder when x is divided by m(-6)?
3
Calculate the remainder when (184/20)/((-21)/(-35))*36/3 is divided by 57.
13
Let t = 20004 - 19947. What is the remainder when t is divided by 44?
13
Calculate the remainder when 8/26 - 214984/(-286) is divided by 76.
68
Suppose -5*r - 5*l + 775 = 0, -3*r + 3*l + 849 = 366. Let b(n) = -n**3 - 3*n**2 + 4*n - 7. What is the remainder when r is divided by b(-5)?
20
Suppose 0 = -3*n + 14*n + 2013. Let j = 202 + n. Calculate the remainder when 301 is divided by j.
16
Suppose 5*i + 27 = 4*l, 6*l - 9*i + 10*i = 83. What is the remainder when 1960 is divided by l?
10
What is the remainder when 103 is divided by ((1 - -1)*(-132)/792)/((-2)/522)?
16
Suppose 62*n + 4*v = 58*n - 20, 4*n + 5*v = -20. What is the remainder when 4*(-186)/24*n is divided by 15?
5
Let i(o) = 347*o**2 + 1. Let t = -85433 + 85472. Calculate the remainder when i(-1) is divided by t.
36
Let l(y) = -228*y + 59. Let d be l(2). Let s = -391 - d. What is the remainder when 22 is divided by s?
4
Suppose -24*m + 19*m + 42303 = 2*u, 5*u = m - 8439. Calculate the remainder when m is divided by 47.
46
Let i(y) = y**3 - 7*y**2 + 8*y + 3. Let h be (-73 - -76) + (4 - 0). What is the remainder when 235 is divided by i(h)?
58
Calculate the remainder when 8285 is divided by 300 + 1 + (-1028 - -1034).
303
Suppose -10 + 1 = -x. Let j(q) = q**3 + 19*q**2 - 18*q - 30. Let y be j(-20). Let h = -49 - y. Calculate the remainder when h is divided by x.
3
Suppose -57 + 96 = k + 4*v, -5*v = 4*k - 211. Suppose -m - 7 = -2*m. What is the remainder when k is divided by m?
3
Calculate the remainder when 30415/20 - ((-58)/8 - -6) is divided by 61.
58
Let o(c) = -3*c**3 + 4*c - 1. Let d be 19/(-9) + (-10)/(-90). Let l be 0 + -8 + 4 - d/2. What is the remainder when o(l) is divided by 35?
33
Let l(n) = -n + 43. What is the remainder when 302 is divided by l(-26)?
26
Let i(w) = -17*w - 17. Suppose -4*p + 10 = 26. Let g be i(p). Suppose q + 2*n = g, q + 5*n - 11 = 31. What is the remainder when q is divided by 6?
3
Suppose 4*i + 233 = 3*z, 131*z + i - 52 = 130*z. Suppose -55 = -u - 4*u. Suppose u = g - 5. Calculate the remainder when z is divided by g.
15
Let r be (-5)/(-3) + ((-5)/3 - -3). Let u(q) = 13*q - 35. What is the remainder when 25 is divided by u(r)?
1
Let l(i) = i + 19. Let u be l(-19). Let a be ((1 + u)*1)/(-28 + 29). Suppose 5 + a = n. What is the remainder when 27 is divided by n?
3
Suppose 4*n - 25 = 31. Suppose 0 = 5*z - n*z. Suppose -k + 44 + 2 = z. Calculate the remainder when k is divided by 8.
6
Suppose -o = -3*y - 114, -230 = -59*o + 57*o + 5*y. What is the remainder when 4197 is divided by o?
117
Let q = 3220 + -3184. Let t be 2/(-1) - (5 + -3). Calculate the remainder when (-713)/(-5) - t/10 is divided by q.
35
Let p = 20 + 6. Let i = 13107 - 13058. Calculate the remainder when i is divided by p.
23
Let h = 3601 - 3440. Calculate the remainder when h is divided by 34.
25
Suppose -5*z + 2*z - 12 = 0. Let q(k) = -18*k - 5. Calculate the remainder when q(z) is divided by (-20)/45*126/(-4).
11
Let x(i) = -52*i + 47*i - 14*i**2 + 2*i**2 + 0*i**2 + i**3 + 2. Calculate the remainder when x(13) is divided by 47.
12
Let i = -179 - -181. Suppose i*t - 10 = -0. Let m(d) = -d**3 - d**2 - 1. Calculate the remainder when m(-3) is divided by t.
2
Suppose -2082 = 58*c - 14204. What is the remainder when c is divided by 129?
80
Suppose -26*d + 4*d = -220. Suppose -4*w + 3*t = 387, -3*t - 6 = -t. Let i = -40 - w. What is the remainder when i is divided by d?
9
Let c(q) = 2*q**3 + q**2 - q. Suppose 2*o = 2, 0 = 4*b - o - 1 - 2. Let y be c(b). Suppose y*r = 23 - 5. Calculate the remainder when 50 is divided by r.
5
Let p be 0/(3 + ((-6)/3 - -1)). Let z be (-4)/(1 - p) + (0 - -372). Let x = z + -225. What is the remainder when x is divided by 29?
27
What is the remainder when 463 is divided by (12/15)/(1292/170) + (-756)/(-38)?
3
Suppose -11*y - 13 = 9. Suppose 4*p = 2*p + 4*v, 3*v + 14 = 5*p. What is the remainder when (1 - -4) + 34 + y is divided by p?
1
Suppose 0 = s - 0*s + 15. Let c(t) = -t**2 - 17*t - 24. Let m be c(s). Suppose 0 = m*i - 98 - 466. Calculate the remainder when i is divided by 32.
30
Suppose 28 = l - a, 47 = 5*l - a - 89. What is the remainder when 1295 is divided by l?
26
Suppose 140 - 96 = -3*z + 509. What is the remainder when 789 is divided by z?
14
Suppose -5*g = 128 - 283. What is the remainder when 369 is divided by g?
28
Let h = -6293 - -6430. What is the remainder when h is divided by 20?
17
Suppose -3*r - 4*d + 147 = -1465, 0 = -r + 2*d + 534. What is the remainder when r is divided by 190?
156
Suppose -4*j - 192 = 4*u - 7*u, -5*u - j + 297 = 0. Calculate the remainder when 53 is divided by 215/20 - 5/u*-3.
9
Suppose 17 = 5*i + 3*u - 18, -7 = 2*i - 3*u. Suppose 4*h + i = -0, -3*s - h + 296 = 0. Suppose -5*t + 60 = -2*t. Calculate the remainder when s is divided by t.
19
Let w be 6*2/(-20) - 1419/(-15). Suppose -5*c + 105 + w = -3*l, -5*l + 174 = 4*c. Suppose -261 + 1071 = 5*a. Calculate the remainder when a is divided by c.
39
Suppose 44*l - 20 + 148 = 52*l. Let m be (2/6)/(3/135). Calculate the remainder when 925/m + (-2)/(-6) is divided by l.
14
Suppose -2*c - 16*n - 4 = -12*n, 4*n + 28 = 2*c. Suppose c*b + 156 = 474. What is the remainder when b is divided by 16?
5
Let x(m) = 223*m**2 + 386*m - 387. Calculate the remainder when x(1) is divided by 9.
6
Let d(h) = 930*h - 911. Calculate the remainder when 166 is divided by d(1).
14
Let c(p) = -19*p**2 + 4*p + 615. Calculate the remainder when c(0) is divided by 104.
95
Suppose 85 = -r + 88. Suppose -r*g = 2*g - 140. Calculate the remainder when 120 is divided by g.
8
Suppose -76 = -5*i - g, -2*i - 318*g = -322*g - 70. Calculate the remainder when 233 is divided by i.
12
Suppose -15*v + 193 = -14*v. Suppose -5*x + 263 = 4*d, 5*x + v + 40 = 4*d. Calculate the remainder when d is divided by 11.
7
Let m(q) = -q**3 - 29*q**2 + 13*q - 64. Let y be m(-31). Let z = y + -835. What is the remainder when z is divided by 9?
8
Suppose -4*s = 2*d - 8, -4*s + 280*d - 277*d = -18. Let u be (24/(-20))/((-3)/10). Suppose -u*m = -2 - 14. What is the remainder when m is divided by s?
1
Let g = -331 + 353. Let a(s) = s**2 - 33*s + 264. What is the remainder when 85 is divided by a(g)?
19
Suppose 12*d + 800 = 16*d. Let q = d - 48. Suppose q = 7*x + 26. What is the remainder when x is divided by 10?
8
Suppose -4251 = -103*i + 31078. What is the remainder when i is divided by 128?
87
Let u(b) = -3*b + 2*b**2 + 12*b**2 + 44*b**2 - 1. Let p(y) = -y**3 - 4*y**2 + 9*y + 2. What is the remainder when u(1) is divided by p(-6)?
14
Suppose -105 + 66 = -v. What is the remainder when 65 is divided by (-2 - 56/8) + v?
5
Let l = -265 + 268. Calculate the remainder when 46 is divided by -